Dec 01 05:10:05.865 INFO testing regexident/cargo-modules against master#8940af3cea4a9a9deabcaf843b2f8cad9a83fc61 for beta-1.31-5
Dec 01 05:10:05.865 INFO running `"docker" "create" "-v" "/mnt/big/crater/work/local/target-dirs/beta-1.31-5/worker-3/master#8940af3cea4a9a9deabcaf843b2f8cad9a83fc61:/target:rw,Z" "-v" "/mnt/big/crater/work/local/test-source/worker-3/beta-1.31-5/master#8940af3cea4a9a9deabcaf843b2f8cad9a83fc61:/source:ro,Z" "-v" "/mnt/big/crater/work/local/cargo-home:/cargo-home:ro,Z" "-v" "/mnt/big/crater/work/local/rustup-home:/rustup-home:ro,Z" "-e" "USER_ID=1000" "-e" "SOURCE_DIR=/source" "-e" "USER_ID=1000" "-e" "CMD=cargo +8940af3cea4a9a9deabcaf843b2f8cad9a83fc61-alt build --frozen" "-e" "CARGO_TARGET_DIR=/target" "-e" "CARGO_INCREMENTAL=0" "-e" "RUST_BACKTRACE=full" "-e" "RUSTFLAGS=--cap-lints=warn" "-e" "CARGO_HOME=/cargo-home" "-e" "RUSTUP_HOME=/rustup-home" "-m" "1536M" "--network" "none" "crater"`
Dec 01 05:10:06.043 INFO [stdout] a241998dba62755ceddfb8760ce699b0d3ac8208ee0f4bd18780df652a0d2d8c
Dec 01 05:10:06.051 INFO running `"docker" "start" "-a" "a241998dba62755ceddfb8760ce699b0d3ac8208ee0f4bd18780df652a0d2d8c"`
Dec 01 05:10:06.536 INFO [stderr] usermod: no changes
Dec 01 05:10:06.751 INFO [stderr]    Compiling rustc-rayon-core v0.1.1
Dec 01 05:10:06.761 INFO [stderr]    Compiling scoped-tls v0.1.2
Dec 01 05:10:06.761 INFO [stderr]    Compiling rustc-ap-rustc_target v263.0.0
Dec 01 05:10:06.761 INFO [stderr]    Compiling rustc-ap-syntax v263.0.0
Dec 01 05:10:06.778 INFO [stderr]    Compiling rustc-hash v1.0.1
Dec 01 05:10:06.778 INFO [stderr]    Compiling rustc-ap-rustc_cratesio_shim v263.0.0
Dec 01 05:10:06.778 INFO [stderr]    Compiling smallvec v0.6.5
Dec 01 05:10:06.778 INFO [stderr]    Compiling lock_api v0.1.3
Dec 01 05:10:07.275 INFO [stderr] error[E0554]: #![feature] may not be used on the beta release channel
Dec 01 05:10:07.275 INFO [stderr]   --> /cargo-home/registry/src/github.com-1ecc6299db9ec823/rustc-ap-rustc_cratesio_shim-263.0.0/src/lib.rs:14:26
Dec 01 05:10:07.275 INFO [stderr]    |
Dec 01 05:10:07.275 INFO [stderr] 14 | #![cfg_attr(not(stage0), feature(nll))]
Dec 01 05:10:07.275 INFO [stderr]    |                          ^^^^^^^^^^^^
Dec 01 05:10:07.275 INFO [stderr] 
Dec 01 05:10:07.275 INFO [stderr] error: aborting due to previous error
Dec 01 05:10:07.275 INFO [stderr] 
Dec 01 05:10:07.275 INFO [stderr] For more information about this error, try `rustc --explain E0554`.
Dec 01 05:10:07.275 INFO [stderr] error: Could not compile `rustc-ap-rustc_cratesio_shim`.
Dec 01 05:10:07.275 INFO [stderr] warning: build failed, waiting for other jobs to finish...
Dec 01 05:10:07.359 INFO [stderr] error[E0554]: #![feature] may not be used on the beta release channel
Dec 01 05:10:07.359 INFO [stderr]   --> /cargo-home/registry/src/github.com-1ecc6299db9ec823/scoped-tls-0.1.2/src/lib.rs:47:34
Dec 01 05:10:07.359 INFO [stderr]    |
Dec 01 05:10:07.359 INFO [stderr] 47 | #![cfg_attr(feature = "nightly", feature(macro_vis_matcher))]
Dec 01 05:10:07.359 INFO [stderr]    |                                  ^^^^^^^^^^^^^^^^^^^^^^^^^^
Dec 01 05:10:07.359 INFO [stderr] 
Dec 01 05:10:07.359 INFO [stderr] error[E0554]: #![feature] may not be used on the beta release channel
Dec 01 05:10:07.359 INFO [stderr]   --> /cargo-home/registry/src/github.com-1ecc6299db9ec823/scoped-tls-0.1.2/src/lib.rs:48:34
Dec 01 05:10:07.359 INFO [stderr]    |
Dec 01 05:10:07.359 INFO [stderr] 48 | #![cfg_attr(feature = "nightly", feature(allow_internal_unstable))]
Dec 01 05:10:07.359 INFO [stderr]    |                                  ^^^^^^^^^^^^^^^^^^^^^^^^^^^^^^^^
Dec 01 05:10:07.359 INFO [stderr] 
Dec 01 05:10:07.359 INFO [stderr] error: aborting due to 2 previous errors
Dec 01 05:10:07.359 INFO [stderr] 
Dec 01 05:10:07.359 INFO [stderr] For more information about this error, try `rustc --explain E0554`.
Dec 01 05:10:07.359 INFO [stderr] error: Could not compile `scoped-tls`.
Dec 01 05:10:07.359 INFO [stderr] warning: build failed, waiting for other jobs to finish...
Dec 01 05:10:07.398 INFO [stderr] error[E0554]: #![feature] may not be used on the beta release channel
Dec 01 05:10:07.398 INFO [stderr]   --> /cargo-home/registry/src/github.com-1ecc6299db9ec823/smallvec-0.6.5/lib.rs:33:32
Dec 01 05:10:07.398 INFO [stderr]    |
Dec 01 05:10:07.398 INFO [stderr] 33 | #![cfg_attr(feature = "union", feature(untagged_unions))]
Dec 01 05:10:07.398 INFO [stderr]    |                                ^^^^^^^^^^^^^^^^^^^^^^^^
Dec 01 05:10:07.415 INFO [stderr] error[E0554]: #![feature] may not be used on the beta release channel
Dec 01 05:10:07.415 INFO [stderr]   --> /cargo-home/registry/src/github.com-1ecc6299db9ec823/lock_api-0.1.3/src/lib.rs:85:34
Dec 01 05:10:07.415 INFO [stderr]    |
Dec 01 05:10:07.415 INFO [stderr] 85 | #![cfg_attr(feature = "nightly", feature(const_fn))]
Dec 01 05:10:07.415 INFO [stderr]    |                                  ^^^^^^^^^^^^^^^^^
Dec 01 05:10:07.415 INFO [stderr] 
Dec 01 05:10:07.420 INFO [stderr] error: aborting due to previous error
Dec 01 05:10:07.420 INFO [stderr] 
Dec 01 05:10:07.420 INFO [stderr] For more information about this error, try `rustc --explain E0554`.
Dec 01 05:10:07.427 INFO [stderr] 
Dec 01 05:10:07.430 INFO [stderr] error: aborting due to previous error
Dec 01 05:10:07.431 INFO [stderr] 
Dec 01 05:10:07.431 INFO [stderr] For more information about this error, try `rustc --explain E0554`.
Dec 01 05:10:07.432 INFO [stderr] error: Could not compile `lock_api`.
Dec 01 05:10:07.432 INFO [stderr] warning: build failed, waiting for other jobs to finish...
Dec 01 05:10:07.437 INFO [stderr] error: Could not compile `smallvec`.
Dec 01 05:10:07.437 INFO [stderr] warning: build failed, waiting for other jobs to finish...
Dec 01 05:10:07.895 INFO [stderr] error: build failed
Dec 01 05:10:07.895 INFO [stderr] su: No module specific data is present
Dec 01 05:10:08.378 INFO running `"docker" "inspect" "a241998dba62755ceddfb8760ce699b0d3ac8208ee0f4bd18780df652a0d2d8c"`
Dec 01 05:10:08.491 INFO running `"docker" "rm" "-f" "a241998dba62755ceddfb8760ce699b0d3ac8208ee0f4bd18780df652a0d2d8c"`
Dec 01 05:10:08.637 INFO [stdout] a241998dba62755ceddfb8760ce699b0d3ac8208ee0f4bd18780df652a0d2d8c
